{"id":566,"date":"2023-07-08T10:29:22","date_gmt":"2023-07-08T08:29:22","guid":{"rendered":"https:\/\/leteckanavigace.cz\/?page_id=566"},"modified":"2023-07-09T13:52:16","modified_gmt":"2023-07-09T11:52:16","slug":"mcr-rally-2023","status":"publish","type":"page","link":"https:\/\/leteckanavigace.cz\/?page_id=566","title":{"rendered":"M\u010cR rally 2023"},"content":{"rendered":"<p><a href=\"https:\/\/leteckanavigace.cz\/?page_id=563\">Startovka BLUE 8.7 dopoledne<\/a><\/p>\n<p><a href=\"https:\/\/leteckanavigace.cz\/?page_id=586\">Startovka GREEN 8.7 odpoledne<\/a><\/p>\n<p><a href=\"https:\/\/leteckanavigace.cz\/?page_id=611\">Startovka RED 9.7 dopoledne<\/a><\/p>\n<p><a href=\"https:\/\/leteckanavigace.cz\/?page_id=588\">Ofici\u00e1ln\u00ed v\u00fdsledky BLUE<\/a><\/p>\n<p><a href=\"https:\/\/leteckanavigace.cz\/?page_id=603\">Ofici\u00e1ln\u00ed v\u00fdsledky GREEN<\/a><\/p>\n<p><a href=\"https:\/\/leteckanavigace.cz\/?page_id=621\">Ofici\u00e1ln\u00ed v\u00fdsledky RED<\/a><\/p>\n<p><a href=\"https:\/\/leteckanavigace.cz\/?page_id=623\">Ofici\u00e1ln\u00ed v\u00fdsledky CELKOV\u00c9<\/a><\/p>\n<p><a href=\"https:\/\/leteckanavigace.cz\/?page_id=579\">Vzorov\u00e9 mapy pro etapy<\/a><\/p>\n","protected":false},"excerpt":{"rendered":"<p>Startovka BLUE 8.7 dopoledne Startovka GREEN 8.7 odpoledne Startovka RED 9.7 dopoledne Ofici\u00e1ln\u00ed v\u00fdsledky BLUE Ofici\u00e1ln\u00ed v\u00fdsledky GREEN Ofici\u00e1ln\u00ed v\u00fdsledky RED Ofici\u00e1ln\u00ed v\u00fdsledky CELKOV\u00c9 Vzorov\u00e9 mapy pro etapy<\/p>\n","protected":false},"author":8,"featured_media":0,"parent":0,"menu_order":0,"comment_status":"closed","ping_status":"closed","template":"","meta":{"footnotes":""},"class_list":["post-566","page","type-page","status-publish","hentry"],"_links":{"self":[{"href":"https:\/\/leteckanavigace.cz\/index.php?rest_route=\/wp\/v2\/pages\/566","targetHints":{"allow":["GET"]}}],"collection":[{"href":"https:\/\/leteckanavigace.cz\/index.php?rest_route=\/wp\/v2\/pages"}],"about":[{"href":"https:\/\/leteckanavigace.cz\/index.php?rest_route=\/wp\/v2\/types\/page"}],"author":[{"embeddable":true,"href":"https:\/\/leteckanavigace.cz\/index.php?rest_route=\/wp\/v2\/users\/8"}],"replies":[{"embeddable":true,"href":"https:\/\/leteckanavigace.cz\/index.php?rest_route=%2Fwp%2Fv2%2Fcomments&post=566"}],"version-history":[{"count":10,"href":"https:\/\/leteckanavigace.cz\/index.php?rest_route=\/wp\/v2\/pages\/566\/revisions"}],"predecessor-version":[{"id":627,"href":"https:\/\/leteckanavigace.cz\/index.php?rest_route=\/wp\/v2\/pages\/566\/revisions\/627"}],"wp:attachment":[{"href":"https:\/\/leteckanavigace.cz\/index.php?rest_route=%2Fwp%2Fv2%2Fmedia&parent=566"}],"curies":[{"name":"wp","href":"https:\/\/api.w.org\/{rel}","templated":true}]}}