{"id":524,"date":"2023-07-07T11:26:30","date_gmt":"2023-07-07T09:26:30","guid":{"rendered":"https:\/\/leteckanavigace.cz\/?page_id=524"},"modified":"2023-07-07T11:39:15","modified_gmt":"2023-07-07T09:39:15","slug":"2023-zapadoceska-regionalni-soutez-v-letecke-rally-plasy","status":"publish","type":"page","link":"https:\/\/leteckanavigace.cz\/?page_id=524","title":{"rendered":"2023 Z\u00e1pado\u010desk\u00e1 region\u00e1ln\u00ed sout\u011b\u017e v leteck\u00e9 rally &#8211; Plasy"},"content":{"rendered":"<p><a href=\"https:\/\/leteckanavigace.cz\/wp-content\/uploads\/2023\/07\/1GREEN.pdf\" class=\"pdfemb-viewer\" style=\"\" data-width=\"max\" data-height=\"max\" data-toolbar=\"bottom\" data-toolbar-fixed=\"off\">1GREEN<\/a><a href=\"https:\/\/leteckanavigace.cz\/wp-content\/uploads\/2023\/07\/2BLUE.pdf\" class=\"pdfemb-viewer\" style=\"\" data-width=\"max\" data-height=\"max\" data-toolbar=\"bottom\" data-toolbar-fixed=\"off\">2BLUE<\/a><a href=\"https:\/\/leteckanavigace.cz\/wp-content\/uploads\/2023\/07\/3RED.pdf\" class=\"pdfemb-viewer\" style=\"\" data-width=\"max\" data-height=\"max\" data-toolbar=\"bottom\" data-toolbar-fixed=\"off\">3RED<\/a><a href=\"https:\/\/leteckanavigace.cz\/wp-content\/uploads\/2023\/07\/Celkove.pdf\" class=\"pdfemb-viewer\" style=\"\" data-width=\"max\" data-height=\"max\" data-toolbar=\"bottom\" data-toolbar-fixed=\"off\">Celkove<\/a><\/p>\n","protected":false},"excerpt":{"rendered":"","protected":false},"author":8,"featured_media":0,"parent":0,"menu_order":0,"comment_status":"closed","ping_status":"closed","template":"","meta":{"footnotes":""},"class_list":["post-524","page","type-page","status-publish","hentry"],"_links":{"self":[{"href":"https:\/\/leteckanavigace.cz\/index.php?rest_route=\/wp\/v2\/pages\/524","targetHints":{"allow":["GET"]}}],"collection":[{"href":"https:\/\/leteckanavigace.cz\/index.php?rest_route=\/wp\/v2\/pages"}],"about":[{"href":"https:\/\/leteckanavigace.cz\/index.php?rest_route=\/wp\/v2\/types\/page"}],"author":[{"embeddable":true,"href":"https:\/\/leteckanavigace.cz\/index.php?rest_route=\/wp\/v2\/users\/8"}],"replies":[{"embeddable":true,"href":"https:\/\/leteckanavigace.cz\/index.php?rest_route=%2Fwp%2Fv2%2Fcomments&post=524"}],"version-history":[{"count":2,"href":"https:\/\/leteckanavigace.cz\/index.php?rest_route=\/wp\/v2\/pages\/524\/revisions"}],"predecessor-version":[{"id":543,"href":"https:\/\/leteckanavigace.cz\/index.php?rest_route=\/wp\/v2\/pages\/524\/revisions\/543"}],"wp:attachment":[{"href":"https:\/\/leteckanavigace.cz\/index.php?rest_route=%2Fwp%2Fv2%2Fmedia&parent=524"}],"curies":[{"name":"wp","href":"https:\/\/api.w.org\/{rel}","templated":true}]}}

2023 Západočeská regionální soutěž v letecké rally &#8211; Plasy
