{"id":501,"date":"2023-05-07T10:34:07","date_gmt":"2023-05-07T08:34:07","guid":{"rendered":"https:\/\/leteckanavigace.cz\/?page_id=501"},"modified":"2023-05-07T19:57:58","modified_gmt":"2023-05-07T17:57:58","slug":"mostecka-regionalni-soutez-v-presnem-letani","status":"publish","type":"page","link":"https:\/\/leteckanavigace.cz\/?page_id=501","title":{"rendered":"2023 Mosteck\u00e1 region\u00e1ln\u00ed sout\u011b\u017e v p\u0159esn\u00e9m l\u00e9t\u00e1n\u00ed"},"content":{"rendered":"<p><a href=\"https:\/\/leteckanavigace.cz\/wp-content\/uploads\/2023\/05\/RED.pdf\" class=\"pdfemb-viewer\" style=\"\" data-width=\"max\" data-height=\"max\" data-toolbar=\"bottom\" data-toolbar-fixed=\"off\">RED<\/a> <a href=\"https:\/\/leteckanavigace.cz\/wp-content\/uploads\/2023\/05\/GREEN-1.pdf\" class=\"pdfemb-viewer\" style=\"\" data-width=\"max\" data-height=\"max\" data-toolbar=\"bottom\" data-toolbar-fixed=\"off\">GREEN<\/a><a href=\"https:\/\/leteckanavigace.cz\/wp-content\/uploads\/2023\/05\/BLUE.pdf\" class=\"pdfemb-viewer\" style=\"\" data-width=\"max\" data-height=\"max\" data-toolbar=\"bottom\" data-toolbar-fixed=\"off\">BLUE<\/a><a href=\"https:\/\/leteckanavigace.cz\/wp-content\/uploads\/2023\/05\/LND.pdf\" class=\"pdfemb-viewer\" style=\"\" data-width=\"max\" data-height=\"max\" data-toolbar=\"bottom\" data-toolbar-fixed=\"off\">LND<\/a><a href=\"https:\/\/leteckanavigace.cz\/wp-content\/uploads\/2023\/05\/Celkove.pdf\" class=\"pdfemb-viewer\" style=\"\" data-width=\"max\" data-height=\"max\" data-toolbar=\"bottom\" data-toolbar-fixed=\"off\">Celkove<\/a><\/p>\n","protected":false},"excerpt":{"rendered":"","protected":false},"author":8,"featured_media":0,"parent":0,"menu_order":0,"comment_status":"closed","ping_status":"closed","template":"","meta":{"footnotes":""},"class_list":["post-501","page","type-page","status-publish","hentry"],"_links":{"self":[{"href":"https:\/\/leteckanavigace.cz\/index.php?rest_route=\/wp\/v2\/pages\/501","targetHints":{"allow":["GET"]}}],"collection":[{"href":"https:\/\/leteckanavigace.cz\/index.php?rest_route=\/wp\/v2\/pages"}],"about":[{"href":"https:\/\/leteckanavigace.cz\/index.php?rest_route=\/wp\/v2\/types\/page"}],"author":[{"embeddable":true,"href":"https:\/\/leteckanavigace.cz\/index.php?rest_route=\/wp\/v2\/users\/8"}],"replies":[{"embeddable":true,"href":"https:\/\/leteckanavigace.cz\/index.php?rest_route=%2Fwp%2Fv2%2Fcomments&post=501"}],"version-history":[{"count":4,"href":"https:\/\/leteckanavigace.cz\/index.php?rest_route=\/wp\/v2\/pages\/501\/revisions"}],"predecessor-version":[{"id":512,"href":"https:\/\/leteckanavigace.cz\/index.php?rest_route=\/wp\/v2\/pages\/501\/revisions\/512"}],"wp:attachment":[{"href":"https:\/\/leteckanavigace.cz\/index.php?rest_route=%2Fwp%2Fv2%2Fmedia&parent=501"}],"curies":[{"name":"wp","href":"https:\/\/api.w.org\/{rel}","templated":true}]}}